lculate the remainder when 1291859 is divided by 430617.
8
What is the remainder when 5189 is divided by 52?
41
What is the remainder when 25867 is divided by 181?
165
Calculate the remainder when 13110 is divided by 6551.
8
Calculate the remainder when 49592 is divided by 491.
1
Calculate the remainder when 4274 is divided by 527.
58
What is the remainder when 16124 is divided by 4030?
4
What is the remainder when 6089 is divided by 3028?
33
Calculate the remainder when 344235 is divided by 375.
360
Calculate the remainder when 13500 is divided by 185.
180
Calculate the remainder when 16563 is divided by 263.
257
Calculate the remainder when 7455 is divided by 3705.
45
What is the remainder when 62552 is divided by 11?
6
What is the remainder when 585 is divided by 537?
48
What is the remainder when 8297 is divided by 61?
1
What is the remainder when 89618 is divided by 117?
113
What is the remainder when 3346 is divided by 23?
11
What is the remainder when 7060 is divided by 1403?
45
Calculate the remainder when 3886554 is divided by 51.
48
Calculate the remainder when 6882 is divided by 1137.
60
Calculate the remainder when 623 is divided by 432.
191
Calculate the remainder when 202969 is divided by 23.
17
What is the remainder when 470 is divided by 280?
190
What is the remainder when 172 is divided by 57?
1
What is the remainder when 105795 is divided by 687?
684
Calculate the remainder when 184529 is divided by 89.
32
What is the remainder when 5072 is divided by 45?
32
What is the remainder when 45200 is divided by 22516?
168
What is the remainder when 5408 is divided by 448?
32
Calculate the remainder when 9549 is divided by 520.
189
What is the remainder when 51649 is divided by 1016?
849
What is the remainder when 3294 is divided by 2986?
308
What is the remainder when 9749 is divided by 1947?
14
What is the remainder when 2699 is divided by 371?
102
What is the remainder when 450833 is divided by 150271?
20
Calculate the remainder when 4678 is divided by 2322.
34
Calculate the remainder when 53481 is divided by 26735.
11
Calculate the remainder when 4555 is divided by 650.
5
What is the remainder when 637757 is divided by 22?
21
Calculate the remainder when 142395 is divided by 40.
35
Calculate the remainder when 31035 is divided by 779.
654
Calculate the remainder when 10298 is divided by 3432.
2
What is the remainder when 253377 is divided by 302?
301
Calculate the remainder when 24049 is divided by 3435.
4
What is the remainder when 305687 is divided by 794?
791
Calculate the remainder when 206899 is divided by 346.
337
Calculate the remainder when 1126017 is divided by 125112.
9
Calculate the remainder when 429909 is divided by 7.
4
Calculate the remainder when 14472 is divided by 1442.
52
Calculate the remainder when 6717 is divided by 15.
12
What is the remainder when 56341 is divided by 5633?
11
What is the remainder when 1567 is divided by 405?
352
Calculate the remainder when 542517 is divided by 73.
54
What is the remainder when 162606 is divided by 3966?
0
Calculate the remainder when 155837 is divided by 791.
10
What is the remainder when 94189 is divided by 9418?
9
Calculate the remainder when 222083 is divided by 387.
332
Calculate the remainder when 415 is divided by 38.
35
Calculate the remainder when 369197 is divided by 2159.
8
What is the remainder when 33780 is divided by 4217?
44
What is the remainder when 2260 is divided by 90?
10
Calculate the remainder when 2892 is divided by 192.
12
Calculate the remainder when 55658 is divided by 959.
36
Calculate the remainder when 114148 is divided by 12.
4
What is the remainder when 25980 is divided by 366?
360
What is the remainder when 56069 is divided by 28030?
9
What is the remainder when 25973 is divided by 53?
3
What is the remainder when 5342 is divided by 1556?
674
Calculate the remainder when 2745301 is divided by 157.
156
Calculate the remainder when 643389 is divided by 3.
0
What is the remainder when 5237 is divided by 2514?
209
What is the remainder when 225193 is divided by 22?
1
What is the remainder when 6702 is divided by 31?
6
Calculate the remainder when 484780 is divided by 34627.
2
What is the remainder when 78594 is divided by 591?
582
What is the remainder when 2300 is divided by 98?
46
What is the remainder when 99445 is divided by 360?
85
What is the remainder when 16586 is divided by 4140?
26
Calculate the remainder when 445 is divided by 73.
7
What is the remainder when 3826 is divided by 187?
86
What is the remainder when 2371 is divided by 575?
71
Calculate the remainder when 1330495 is divided by 949.
946
Calculate the remainder when 22833 is divided by 7356.
765
What is the remainder when 17192 is divided by 86?
78
What is the remainder when 800494 is divided by 327?
325
Calculate the remainder when 8048 is divided by 65.
53
Calculate the remainder when 134 is divided by 98.
36
What is the remainder when 124547 is divided by 2042?
2027
Calculate the remainder when 9639 is divided by 68.
51
What is the remainder when 16748 is divided by 282?
110
Calculate the remainder when 10273 is divided by 5135.
3
What is the remainder when 117113 is divided by 486?
473
What is the remainder when 79945 is divided by 142?
141
What is the remainder when 127512 is divided by 3?
0
What is the remainder when 1676955 is divided by 221?
7
What is the remainder when 88291 is divided by 28?
7
What is the remainder when 2698 is divided by 432?
106
What is the remainder when 2967 is divided by 262?
85
What is the remainder when 4174 is divided by 191?
163
Calculate the remainder when 33464 is divided by 5575.
14
What is the remainder when 15814 is divided by 5241?
91
Calculate the remainder when 843010 is divided by 18.
16
Calculate the remainder when 30421 is divided by 845.
1
Calculate the remainder when 783758 is divided by 16.
14
Calculate the remainder when 10869 is divided by 20.
9
What is the remainder when 911877 is divided by 90?
87
What is the remainder when 7728 is divided by 3856?
16
Calculate the remainder when 3802 is divided by 48.
10
What is the remainder when 38975 is divided by 8?
7
What is the remainder when 53697 is divided by 358?
355
What is the remainder when 443360 is divided by 62?
60
Calculate the remainder when 6385 is divided by 1269.
40
Calculate the remainder when 15178 is divided by 2527.
16
What is the remainder when 362812 is divided by 120936?
4
What is the remainder when 53835 is divided by 172?
171
Calculate the remainder when 3264 is divided by 84.
72
What is the remainder when 4882 is divided by 32?
18
Calculate the remainder when 4854560 is divided by 468.
464
What is the remainder when 2081 is divided by 758?
565
Calculate the remainder when 3976 is divided by 1980.
16
Calculate the remainder when 3489 is divided by 133.
31
What is the remainder when 28130 is divided by 455?
375
Calculate the remainder when 1414 is divided by 14.
0
Calculate the remainder when 298230 is divided by 16568.
6
Calculate the remainder when 934 is divided by 12.
10
Calculate the remainder when 87262 is divided by 563.
560
What is the remainder when 22701 is divided by 4523?
86
Calculate the remainder when 257974 is divided by 1217.
1187
Calculate the remainder when 29400 is divided by 70.
0
Calculate the remainder when 40168 is divided by 10040.
8
Calculate the remainder when 21072 is divided by 170.
162
What is the remainder when 1385 is divided by 67?
45
What is the remainder when 1180 is divided by 204?
160
What is the remainder when 39188 is divided by 15?
8
Calculate the remainder when 475 is divided by 434.
41
Calculate the remainder when 2680 is divided by 1081.
518
What is the remainder when 15153 is divided by 3786?
9
Calculate the remainder when 1651 is divided by 647.
357
What is the remainder when 7151 is divided by 647?
34
What is the remainder when 18237 is divided by 169?
154
Calculate the remainder when 2524 is divided by 492.
64
What is the remainder when 9885 is divided by 559?
382
What is the remainder when 1949 is divided by 968?
13
What is the remainder when 26257 is divided by 43?
27
Calculate the remainder when 428449 is divided by 94.
91
What is the remainder when 78370 is divided by 95?
90
Calculate the remainder when 